{"id":1019,"date":"2023-11-24T09:53:01","date_gmt":"2023-11-24T09:53:01","guid":{"rendered":"https:\/\/uquick.net\/?post_type=product&#038;p=1019"},"modified":"2025-09-28T16:29:48","modified_gmt":"2025-09-28T16:29:48","slug":"usb-sarj-cihazi-3-1a-cikis-18-watt-3-0-quik-charge-adaptor","status":"publish","type":"product","link":"https:\/\/uquick.net\/index.php\/product\/usb-sarj-cihazi-3-1a-cikis-18-watt-3-0-quik-charge-adaptor\/","title":{"rendered":"USB-C (TypeC) 25W PD \u015earj \u0130OS ve Android Uyumlu H\u0131zl\u0131 \u015farj Destekli"},"content":{"rendered":"<p>\u0130phone 11\/12\/13 \/14 \/ 15 \u00a0 serileri pro ve pro max serileri dahil h\u0131zl\u0131 \u015farj destekler, orjinal yada Noise marka kablolar ile g\u00fcvenle kullanabilirsiniz,<\/p>\n<p>Android uyumlu samsung , huwai, xiomi , oppo ve di\u011fer t\u00fcm type-c c\u0131k\u0131\u015fl\u0131 cihazlara uyum sa\u011flar, h\u0131zl\u0131 \u015farj ve s\u00fcper \u015farj (25w&#8217;a kadar) destekler.<\/p>\n","protected":false},"excerpt":{"rendered":"<dl class=\"product-details\">\n<dt><strong>\u00dcr\u00fcn Tipi:<\/strong> \u015earj Cihaz\u0131<\/dt>\n<dt><strong>Renk<\/strong> (\u00dcreticiye G\u00f6re):Beyaz<\/dt>\n<dt><strong>Soket;<\/strong> USB-C ( TypeC)<\/dt>\n<dt><strong>\u015earj g\u00fcc\u00fc<\/strong>; 25W<\/dt>\n<dt><strong>Uyumlu Marka:<\/strong> ios \/ Android<\/dt>\n<dt><strong>Uyumlu Model:<\/strong> Evrensel<\/dt>\n<dt>\n<dl class=\"product-details\">\n<dt><strong>\u00dcretici Garantisi:<\/strong>2 Y\u0131l Noise T\u00fcrkiye Garantilidir<\/dt>\n<\/dl>\n<\/dt>\n<dt><strong>Geni\u015flik:<\/strong>3 mm<\/dt>\n<dt><strong>Y\u00fckseklik:<\/strong>8.3 mm<\/dt>\n<\/dl>\n","protected":false},"featured_media":1114,"comment_status":"open","ping_status":"closed","template":"","meta":[],"product_brand":[],"product_cat":[46],"product_tag":[],"class_list":{"0":"post-1019","1":"product","2":"type-product","3":"status-publish","4":"has-post-thumbnail","6":"product_cat-adp","8":"first","9":"instock","10":"taxable","11":"shipping-taxable","12":"purchasable","13":"product-type-simple","14":"col-xs-6 col-sm-4","15":"col-md-3 col-lg-2","16":"un-6-cols"},"aioseo_notices":[],"_links":{"self":[{"href":"https:\/\/uquick.net\/index.php\/wp-json\/wp\/v2\/product\/1019","targetHints":{"allow":["GET"]}}],"collection":[{"href":"https:\/\/uquick.net\/index.php\/wp-json\/wp\/v2\/product"}],"about":[{"href":"https:\/\/uquick.net\/index.php\/wp-json\/wp\/v2\/types\/product"}],"replies":[{"embeddable":true,"href":"https:\/\/uquick.net\/index.php\/wp-json\/wp\/v2\/comments?post=1019"}],"wp:featuredmedia":[{"embeddable":true,"href":"https:\/\/uquick.net\/index.php\/wp-json\/wp\/v2\/media\/1114"}],"wp:attachment":[{"href":"https:\/\/uquick.net\/index.php\/wp-json\/wp\/v2\/media?parent=1019"}],"wp:term":[{"taxonomy":"product_brand","embeddable":true,"href":"https:\/\/uquick.net\/index.php\/wp-json\/wp\/v2\/product_brand?post=1019"},{"taxonomy":"product_cat","embeddable":true,"href":"https:\/\/uquick.net\/index.php\/wp-json\/wp\/v2\/product_cat?post=1019"},{"taxonomy":"product_tag","embeddable":true,"href":"https:\/\/uquick.net\/index.php\/wp-json\/wp\/v2\/product_tag?post=1019"}],"curies":[{"name":"wp","href":"https:\/\/api.w.org\/{rel}","templated":true}]}}