{"id":1617,"date":"2025-05-28T14:18:47","date_gmt":"2025-05-28T14:18:47","guid":{"rendered":"https:\/\/uquick.net\/?post_type=product&#038;p=1617"},"modified":"2026-03-11T07:33:40","modified_gmt":"2026-03-11T07:33:40","slug":"45w-sarj-aleti-adaptor-usb-typec-cikisli","status":"publish","type":"product","link":"https:\/\/uquick.net\/index.php\/product\/45w-sarj-aleti-adaptor-usb-typec-cikisli\/","title":{"rendered":"45W \u015earj Aleti ( Adapt\u00f6r ) USB + Typec C\u0131k\u0131\u015fl\u0131"},"content":{"rendered":"<p>Type-C ve USB olarak \u00e7ift c\u0131k\u0131\u015f\u0131 bulunmaktad\u0131r.<\/p>\n<p>Android Samsung , Huwai , Oppo, Redmi , Realmi, Casper, Vestel, Reeder gibi t\u00fcm Android cihazlarda kullan\u0131labilir.<\/p>\n<p>Apple \/ iphone\u00a0 12 , 13, 14, 15, 16 Standart , Pro ve Pro max serileri i\u00e7in kullan\u0131labilir.<\/p>\n<p>Typec \/ Typec\u00a0 ve Typec \/ Lightning kablolarla kullan\u0131ld\u0131\u011f\u0131nda H\u0131zl\u0131 \u015farj ve S\u00fcper \u015farj modlar\u0131n\u0131\u00a0 destekler.<\/p>\n<p>45W G\u00fcce kadar destekleyen\u00a0 Huawei, Apple ve di\u011fer bir\u00e7ok marka Laptop \u015farj edebilmektedir. ( Notebok alt\u0131ndaki etikette g\u00fc\u00e7 t\u00fcketim bilgileri mevcuttur)<\/p>\n","protected":false},"excerpt":{"rendered":"<ul>\n<li><strong>Model No<\/strong> : NPD25W<\/li>\n<li><strong>\u00dcr\u00fcn Tipi:<\/strong> \u015earj Cihaz\u0131<\/li>\n<li><strong>Renk<\/strong> (\u00dcreticiye G\u00f6re):Beyaz<\/li>\n<li><strong>Soket;<\/strong> USB-C ( TypeC) + USB-A<\/li>\n<li><strong>\u015earj g\u00fcc\u00fc<\/strong>; 45W<\/li>\n<li><strong>Voltaj<\/strong> DC5V=3.0A DC9V=2,2A\u00a0 \u00a0DC12V=2.05V DC20V=2.25A<\/li>\n<li><strong>Uyumlu Marka:<\/strong> ios \/ Android<\/li>\n<li><strong>Uyumlu Model:<\/strong> Evrensel<\/li>\n<li><strong>\u00dcretici Garantisi:<\/strong>2 Y\u0131l Noise T\u00fcrkiye Garantilidir<\/li>\n<\/ul>\n","protected":false},"featured_media":1618,"comment_status":"open","ping_status":"closed","template":"","meta":[],"product_brand":[],"product_cat":[46],"product_tag":[],"class_list":{"0":"post-1617","1":"product","2":"type-product","3":"status-publish","4":"has-post-thumbnail","6":"product_cat-adp","8":"first","9":"instock","10":"taxable","11":"shipping-taxable","12":"purchasable","13":"product-type-simple","14":"col-xs-6 col-sm-4","15":"col-md-3 col-lg-2","16":"un-6-cols"},"aioseo_notices":[],"_links":{"self":[{"href":"https:\/\/uquick.net\/index.php\/wp-json\/wp\/v2\/product\/1617","targetHints":{"allow":["GET"]}}],"collection":[{"href":"https:\/\/uquick.net\/index.php\/wp-json\/wp\/v2\/product"}],"about":[{"href":"https:\/\/uquick.net\/index.php\/wp-json\/wp\/v2\/types\/product"}],"replies":[{"embeddable":true,"href":"https:\/\/uquick.net\/index.php\/wp-json\/wp\/v2\/comments?post=1617"}],"wp:featuredmedia":[{"embeddable":true,"href":"https:\/\/uquick.net\/index.php\/wp-json\/wp\/v2\/media\/1618"}],"wp:attachment":[{"href":"https:\/\/uquick.net\/index.php\/wp-json\/wp\/v2\/media?parent=1617"}],"wp:term":[{"taxonomy":"product_brand","embeddable":true,"href":"https:\/\/uquick.net\/index.php\/wp-json\/wp\/v2\/product_brand?post=1617"},{"taxonomy":"product_cat","embeddable":true,"href":"https:\/\/uquick.net\/index.php\/wp-json\/wp\/v2\/product_cat?post=1617"},{"taxonomy":"product_tag","embeddable":true,"href":"https:\/\/uquick.net\/index.php\/wp-json\/wp\/v2\/product_tag?post=1617"}],"curies":[{"name":"wp","href":"https:\/\/api.w.org\/{rel}","templated":true}]}}