{"id":371,"date":"2022-08-15T08:38:32","date_gmt":"2022-08-15T08:38:32","guid":{"rendered":"https:\/\/uquick.net\/?post_type=product&#038;p=371"},"modified":"2026-02-14T09:06:26","modified_gmt":"2026-02-14T09:06:26","slug":"type-c-usb-sarj-kablosu-120cm-metal-baslikli","status":"publish","type":"product","link":"https:\/\/uquick.net\/index.php\/product\/type-c-usb-sarj-kablosu-120cm-metal-baslikli\/","title":{"rendered":"1.2 Metre Type-C H\u0131zl\u0131  \u015farj kablosu (Metal Ba\u015fl\u0131kl\u0131)"},"content":{"rendered":"<p><center><\/center>Samsung , Huawei, oppo, Redmi , Xiomi ,Realmi, Vivo, casper , general mobile, reeder, motorola, lenovo, ve di\u011fer t\u00fcm type-c soketli cihazlara uyum sa\u011flar.<\/p>\n<p><strong>*Gold Konnekt\u00f6r ile Tam iletim sa\u011flar<\/strong><br \/>\n<strong>*Y\u00fcksek kalite soketler kullan\u0131lm\u0131\u015ft\u0131r<\/strong><br \/>\n<strong>* Ekstra kal\u0131n (4.2mm)\u00a0 ve yumu\u015fak kablosu ile tam performans sa\u011flar,<\/strong><br \/>\n<strong>*Standart kablolardan 20cm uzun olmas\u0131 kullan\u0131m rahatl\u0131\u011f\u0131 sa\u011flamaktad\u0131r.<\/strong><br \/>\n<strong>*Belirli adetler \u00fczerine ba\u015fl\u0131k \u00fczeri markaland\u0131r\u0131labilir.<\/strong><br \/>\n<strong>*Stokta olmayan adetlerin \u00fcretimi i\u00e7in ileti\u015fime ge\u00e7ebilirsiniz.<\/strong><br \/>\n<strong>*Vakumlu pencereli kutu ile g\u00f6nderim yap\u0131lmaktad\u0131r.<\/strong><\/p>\n<p>&nbsp;<\/p>\n<p>&nbsp;<\/p>\n<p>&nbsp;<\/p>\n<p>* Ak\u0131ll\u0131 \u00e7ip sistemi ile ciha\u0131n\u0131z\u0131n olas\u0131 sorunlara kar\u015f\u0131 g\u00fcvenli\u011fini sa\u011flar. Elektrik dengesizli\u011fi yada adapt\u00f6r ar\u0131zalar\u0131nda , g\u00fcvenlik cipleri devreye girer ve cihaz\u0131n\u0131z\u0131n ba\u011flant\u0131s\u0131n\u0131 otomatik keser.<\/p>\n<p>*D\u00fczenli \u015farj ak\u0131m\u0131 ile batarya \u00f6mr\u00fcn\u00fc korur.<\/p>\n<p><strong>Daha fazla \u00fcr\u00fcn talebi i\u00e7in ileti\u015fime ge\u00e7iniz .<\/strong><\/p>\n<h3 style=\"text-align: center;\"><strong>200 ADET \u00dcZER\u0130 AL\u00dcM\u0130NYUM KAPA\u011eA BASKI YAPILAB\u0130L\u0130R<\/strong>.<\/h3>\n<p>&nbsp;<\/p>\n","protected":false},"excerpt":{"rendered":"<p><strong>Model No:<\/strong> NL120<br \/>\n<strong>\u00dcr\u00fcn Tipi:<\/strong> \u015earj ve Data Kablosu<br \/>\n<strong>Uyumlu Marka:<\/strong>T\u00fcm Type-C giri\u015fli Cihazlara Uyumludur.<br \/>\n<strong>Uzunluk:<\/strong> 1,2 metre<br \/>\n<strong>\u00c7\u0131k\u0131\u015f voltaj\u0131 ve Ak\u0131m\u0131: 5 V\/9V\u00a0 \u00a0 \u00a03A\u00a0 \u00a0\u00a0<\/strong><br \/>\n<strong>Data aktar\u0131m\u0131<\/strong> : 480Mbps<br \/>\n<strong>Kablo iletkeni<\/strong>: Bak\u0131r<br \/>\n<strong>Ba\u011flant\u0131lar:<\/strong> USB- Type-C<br \/>\n<strong>\u00dcretici Garantisi:<\/strong> 2 Y\u0131l<br \/>\n<strong>\u00dcretim yeri<\/strong> T\u00fcrkiye<\/p>\n","protected":false},"featured_media":1103,"comment_status":"open","ping_status":"closed","template":"","meta":[],"product_brand":[],"product_cat":[18,38,33],"product_tag":[],"class_list":{"0":"post-371","1":"product","2":"type-product","3":"status-publish","4":"has-post-thumbnail","6":"product_cat-type-c-kablo","7":"product_cat-n-serisi","8":"product_cat-promosyon-ve-markalama","10":"first","11":"instock","12":"taxable","13":"shipping-taxable","14":"purchasable","15":"product-type-variable","16":"has-default-attributes","17":"col-xs-6 col-sm-4","18":"col-md-3 col-lg-2","19":"un-6-cols"},"aioseo_notices":[],"_links":{"self":[{"href":"https:\/\/uquick.net\/index.php\/wp-json\/wp\/v2\/product\/371","targetHints":{"allow":["GET"]}}],"collection":[{"href":"https:\/\/uquick.net\/index.php\/wp-json\/wp\/v2\/product"}],"about":[{"href":"https:\/\/uquick.net\/index.php\/wp-json\/wp\/v2\/types\/product"}],"replies":[{"embeddable":true,"href":"https:\/\/uquick.net\/index.php\/wp-json\/wp\/v2\/comments?post=371"}],"wp:featuredmedia":[{"embeddable":true,"href":"https:\/\/uquick.net\/index.php\/wp-json\/wp\/v2\/media\/1103"}],"wp:attachment":[{"href":"https:\/\/uquick.net\/index.php\/wp-json\/wp\/v2\/media?parent=371"}],"wp:term":[{"taxonomy":"product_brand","embeddable":true,"href":"https:\/\/uquick.net\/index.php\/wp-json\/wp\/v2\/product_brand?post=371"},{"taxonomy":"product_cat","embeddable":true,"href":"https:\/\/uquick.net\/index.php\/wp-json\/wp\/v2\/product_cat?post=371"},{"taxonomy":"product_tag","embeddable":true,"href":"https:\/\/uquick.net\/index.php\/wp-json\/wp\/v2\/product_tag?post=371"}],"curies":[{"name":"wp","href":"https:\/\/api.w.org\/{rel}","templated":true}]}}